+ 16. Let r be 9*(c/(-6))/(-7). Calculate the highest common factor of 12 and r.
3
Let k be 1/(-3)*-2*18. Suppose -h = 17 - 19. Let p be 11 - (h + (-9)/(-3)). What is the highest common factor of k and p?
6
Suppose -3*g - 24 = -6*g. Let t(l) = -l**3 + 10*l**2 - 11*l + 4. Let k be t(8). Suppose -k = 7*j - 18*j. What is the greatest common divisor of g and j?
4
Let s(x) = -x**3 - 47*x**2 + 106*x + 400. Let n be s(-49). Suppose -2*y + 32 = -0*y. What is the highest common factor of y and n?
8
Suppose -3*n - 58 = -4*v, -v - n = 21 - 39. Calculate the greatest common divisor of 392 and v.
8
Let m(s) = -10*s**3 + 2*s**2 + 2*s + 1. Let z be m(-1). Let j be (-31 + 10 - -1) + 119. What is the greatest common factor of j and z?
11
Let t(c) = -17*c**2 - 7*c - 9. Let w be t(-4). Let m = w + 379. Let r(d) = -19*d - 1. Let a be r(-1). What is the highest common factor of m and a?
18
Suppose 129*s = 127*s + 158. Suppose 2*j = 5*x - s, -3*x = 6*j - 3*j - 39. What is the highest common divisor of 135 and x?
15
Suppose -2*r + 2*l + 32 = -2*l, 0 = r - 3*l - 20. Calculate the highest common divisor of r and 28.
4
Suppose 9 + 24 = 3*q. Let d be (-2)/(-2) - (0 + -2). Suppose -5*r - l + 223 = 0, 0 = -2*r - 0*r + d*l + 79. Calculate the highest common factor of q and r.
11
Let b(l) = 17*l - 1. Let t be b(1). Suppose 0 = -4*y - t, -4*m - 4*y + 25 = -7. Let p be (2/4)/(1/m). Calculate the highest common factor of p and 15.
3
Let w = -1824 - -1925. What is the greatest common divisor of 2929 and w?
101
Let o be 91 + 20/(-4) + (-1 - -1). Let x = o - 47. Calculate the greatest common divisor of x and 78.
39
Suppose r + 2 = -2, a + 4*r - 109 = 0. Suppose 172 = -2*g + o, 0 = -3*g - o - 137 - 131. Let j = 138 + g. What is the highest common divisor of a and j?
25
Let s = 215 - 124. Calculate the greatest common divisor of 13 and s.
13
Let v be 8/1*-1 + 2. Let j(c) = -5*c - 4. Let d(h) = 4*h + 3. Let s(x) = v*d(x) - 5*j(x). Let z be s(7). What is the greatest common factor of z and 99?
9
Suppose 2*c = 5*c - 312. Let q = -28 - -41. What is the highest common divisor of q and c?
13
Suppose 22*c - 91 - 151 = 0. What is the greatest common factor of 1177 and c?
11
Let h be (-5)/5*-1 - 3/(-1). Calculate the greatest common factor of h and 68.
4
Suppose 3*v - 5*j = 1 - 20, 13 = -5*v - j. Let d be (v - 3)*14/(-21). Let m be 102/5 - (-2)/(-5). Calculate the highest common factor of m and d.
4
Let s be -1 + (-368)/(-6) - 9/27. Calculate the highest common divisor of s and 420.
60
Let r be 8 + -17 + 340 + -2. Calculate the highest common divisor of 7 and r.
7
Let t be 56/12*(-9)/(-6). Suppose -2*n - 2*m = -t*m - 6, 0 = -2*n + 3*m + 6. Suppose n*y = -54 + 186. What is the highest common divisor of y and 22?
22
Let h(y) = y**3 - 7*y**2 - y + 9. Suppose 2*l + 8 = 22. Let a be h(l). Let k(j) = 6*j**2 - j + 2. Let b be k(a). What is the highest common divisor of b and 4?
4
Let m be (-3)/(-2)*(-44)/(-3). Let h be 2*(55/10 + -4). Suppose h*n - 11*n = -1936. Calculate the highest common divisor of n and m.
22
Let x = -2526 + 2533. What is the greatest common divisor of x and 119?
7
Suppose 0 = y + 4*n - 10 - 4, 22 = 3*y + 2*n. Suppose y*x - 3*x - 93 = -i, 4*i + 138 = 5*x. What is the highest common divisor of 270 and x?
30
Let n be 111/15 - (-6)/(-15). Suppose 0 = n*q - q - 1314. Suppose -q = -3*p - 69. Calculate the highest common divisor of p and 10.
10
Let a = 220 - -304. Let l be a/22 - 8/(-44). Calculate the greatest common factor of 32 and l.
8
Let x be 2/2 - (5 + (-132)/3). Calculate the greatest common factor of 24 and x.
8
Let i(q) = -13*q + 557. Let z be i(34). What is the highest common divisor of z and 70?
5
Let y(n) = n**2 + 3*n + 3. Let c be y(-2). Suppose 5*h + 6 = -2*k - 15, 4*h = -20. Calculate the highest common factor of k and c.
1
Suppose 2*b - 15 - 7 = 0. Let i = 69 + b. What is the highest common factor of 200 and i?
40
Let h = -146 - -314. Calculate the greatest common factor of 224 and h.
56
Let v(y) = -2*y - 7. Let o be v(-6). Suppose 0 = 3*k - 19 - o. Suppose -2*g + c + 3 = 0, -g = -c - 3*c + 2. What is the greatest common divisor of k and g?
2
Let g(w) = -2*w**2 + 6*w + 5. Suppose 0 = -3*t - 2*z - 12 - 10, 0 = 5*z + 10. Let k be g(t). Let m = -43 - k. What is the highest common factor of 15 and m?
15
Let u(a) = a**2 - 17*a + 34. Let o be u(27). What is the greatest common factor of o and 32?
16
Let j(b) = 6*b + 1. Let i be j(6). Let l = 6276 - 6017. Calculate the highest common divisor of l and i.
37
Let v be (36/(-10) - -2)*-10. Suppose 19*p - v*p = 30. What is the highest common divisor of 35 and p?
5
Let z = -1024 - -1364. Calculate the greatest common divisor of 160 and z.
20
Let g = 704 + -579. What is the highest common divisor of g and 100?
25
Let a be (3/(-9))/(1/(-6)). Suppose 0*b + a = b. Let l(c) = 13*c - 4. Let g be l(b). What is the greatest common divisor of g and 11?
11
Suppose 4*c + 3*k + 0*k - 151 = 0, -4*c + 2*k + 166 = 0. Suppose 11 + 5 = 4*w. Suppose -w*p + 20 = -12. What is the greatest common divisor of p and c?
8
Let a = 168 + -107. Suppose -g = -3*c - a, -5*g - c + 44 + 197 = 0. What is the highest common factor of g and 343?
49
Let v = -2 + 9. Let o(l) = -l**3 + 9*l**2 + 27*l - 54. Let n be o(11). What is the greatest common divisor of n and v?
1
Let k = 94 + -80. What is the greatest common factor of k and 14?
14
Let x = -28 + 26. Let s be 1 - ((4 + x)*2 + -93). Calculate the greatest common factor of s and 20.
10
Let c be (-3)/(-12) + 0 + (-14487)/(-132). Calculate the greatest common divisor of 1760 and c.
110
Let u = 27 - 25. Suppose 2*o = u*y - 3*y + 9, 5*y - 4*o = 3. Let n be 7 - (y + 0)/3. Calculate the highest common factor of n and 15.
3
Let c be -2 + 2 + -2 - -12. Let h = -432 + 512. What is the highest common factor of h and c?
10
Let x be 1/(0 - (-1)/5). Suppose x*r = 5 + 15. Suppose r*k = -b + 39 + 9, 2*k = 0. What is the highest common factor of 16 and b?
16
Let b(a) = 9*a**2 + 2*a - 2. Let l be b(-2). Let t = -14 + 242. Suppose 4*v = 2*p + 178, -5*v = -0*v + 3*p - t. Calculate the highest common factor of v and l.
15
Suppose 0 = 38*x - 27*x - 110. What is the greatest common factor of 10 and x?
10
Let x(p) = 3*p**2 + 12*p. Let n be x(5). Suppose 3*k + 15 = 2*k + 5*q, 0 = -q. Let b = 30 + k. Calculate the greatest common divisor of b and n.
15
Let o = -76 + 132. Let b be ((-30)/4)/((-6)/o). What is the highest common factor of 14 and b?
14
Suppose 0 = q + w, 2*w - 3 = 4*q + 7*w. Suppose 0 = -5*c - 4*a + 84, -56 = -0*c - q*c - a. Calculate the highest common factor of 30 and c.
10
Let t be -2 + 1485/35 - (-3)/(-7). Calculate the greatest common divisor of 320 and t.
40
Let x = -1 + 5. Let w be ((-10)/15)/(x/(-90)). Let v = w + -9. What is the highest common factor of 6 and v?
6
Let i be ((-7)/3)/((-23)/2208). Calculate the highest common divisor of i and 256.
32
Suppose -7 = 2*y - 67. What is the greatest common factor of 510 and y?
30
Let t be 1 + 3096/33 + (-4)/(-22). What is the greatest common divisor of 5 and t?
5
Let n be 184 + ((-75)/20)/(15/(-20)). Calculate the highest common factor of n and 126.
63
Suppose 3 = -n, -3*b - 5*n + 613 = -7*b. Let d = b + 273. What is the highest common factor of d and 29?
29
Suppose 5*n = 151 + 224. Let x be 4/((-20)/n) + 2. Let m be (-10)/5 - x - -2. Calculate the greatest common factor of m and 52.
13
Suppose 6 - 5 = -x. Let u(z) be the first derivative of -19*z**4/4 - z**2 - z - 1. Let c be u(x). What is the greatest common factor of c and 10?
10
Suppose 0 = 14*s - 15*s + 4. Suppose v = s*v - 93. Calculate the highest common factor of 124 and v.
31
Let w be (-634)/(-8) + 27/36. Calculate the greatest common factor of 60 and w.
20
Let g = 70 + -66. Suppose 0 = 5*l - 4*o - 296, -g*l + 4*o = 25 - 261. Calculate the highest common factor of 10 and l.
10
Let q(u) = u**3 + 60*u**2 + 63*u + 249. Let v be q(-59). Calculate the highest common divisor of v and 559.
13
Let u = 763 + -379. Calculate the greatest common divisor of 12 and u.
12
Let q(v) = -v**2 + 5. Let z be q(0). Suppose l + 59 = -51. Let b be (-6)/4*l/3. Calculate the greatest common divisor of z and b.
5
Let f = 11 + -7. Suppose -d = -74 + f. Let q = -116 + 126. What is the highest common divisor of d and q?
10
Let f = -5175 +